
Calculate -5 + -24 - (7 - (-87 + 2)).
-121
What is -54 + 55 + (1 - -1 - 1 - 13)?
-11
Evaluate -33 + (1961 - 1950) + (-13 - 0).
-35
105 - (16 + -59 + 111)
37
What is the value of -7 + (-29 - -28) + 37 + 4?
33
Evaluate -180 - -180 - (5 + (-9 - -2)).
2
What is -38 + 20 + 19 - -30 - (-2 - -1)?
32
Calculate -3 + 29 - (-3 + (-49 - -62)).
16
What is the value of -49 + 79 + 7 + -17?
20
What is (2 - -64) + 17 + -50?
33
Calculate 9 - (2 + -1 + 15 + -18 + -5 + 13).
3
What is 61 - (110 + -29 + 14)?
-34
Calculate -4 + 3 - (-1941 + 1943).
-3
What is the value of 0 + -3 - (131 - (-31 - -112))?
-53
What is the value of -6 + -9 + 56 + 3 + -31?
13
What is 6 + -1 - (517 + -544 - (3 + 48))?
83
32 - (-11 + 5 + -4) - (12 + 2)
28
What is the value of 11 - (12 + -83) - (-15 + -8 - -3)?
102
-15 + (-10 - (12 + -12 - -6 - 95))
64
Calculate -102 + 58 + (2 - -62).
20
15 - -10 - (-1752 - -1651)
126
What is (24 - (-10 - -19 - -2)) + -13 + 17?
17
Evaluate -70 - (-169 - -40) - 98.
-39
What is -21 + (-24 - -11) + 1?
-33
(-9 + 10 + -10 - -28) + 21
40
Calculate (-12 - (-10 + 34)) + (-2 - -67).
29
-21 + 89 + (-36 - -57) + -10
79
-6 + -5 + -62 + 85 - (4 - 1)
9
(4 + -12 - -8) + (28 - -8) + -4 + -5
27
Calculate -11 + 10 + -12 + -14 + 0 + 26.
-1
What is 25 - (-160 + 140 + -66)?
111
Evaluate -1226 + 1176 - (-132 - -6).
76
What is -18 + (-17 - (-11 + 13)) - ((-3 - 4) + 1)?
-31
What is the value of 0 - (36 + -41 - -18 - (-56 + 0))?
-69
Evaluate 51 + -31 + 93 + -81.
32
What is the value of (-1 - (4 - 19 - -48)) + 14?
-20
-35 - (-38 + 126 - 58)
-65
51 + (-20 - (65 - 43)) - (-58 + 3 - -3)
61
What is ((-4 - -2 - 3) + 21 - 11) + 38?
43
Calculate 67 - (53 + -23 + 69).
-32
What is -9 - (-47 - (7 + -9) - 19)?
55
What is 8 - (-23 + 2 - (-47 - -29))?
11
What is the value of (13 - (5 - 5)) + (-291 - -287) + -83?
-74
Evaluate (5 - (1 - 6)) + (56 - -4 - 16) - -5.
59
Evaluate -6 + (-9 - -66 - 15) + -6 + 2 + -1.
31
What is the value of (-19 - -14) + 0 - (-71 + 88)?
-22
What is the value of (-30 - -18 - -10) + 76 - 12?
62
What is the value of -31 + 4 + (-15 + 19 - 12)?
-35
42 + (-100 + 37 - -18) + (-106 - (-2 + 2))
-109
What is 2135 - 2134 - (81 + -1)?
-79
What is the value of (2 - (4 + 15)) + 7 - (4 + (1 - -8))?
-23
Evaluate (-26 - 5) + 43 + (-28 - -114).
98
Evaluate (-93 - (5 - 0) - (-33 + (37 - 12))) + -1.
-91
Calculate -1442 + 1447 - (-22 - 0).
27
What is the value of (-391 - -223) + 174 - (0 + 4)?
2
What is the value of -863 + 947 - (66 + 2)?
16
What is (33 + 22 - (25 + -10)) + 7?
47
What is 29 + 6 + -77 + 37?
-5
Calculate -16 - ((-44 - -15) + 17).
-4
Calculate -1 - 18 - ((19 - (11 + -2)) + -12).
-17
What is the value of (-2 - 28) + 97 + -89?
-22
What is the value of (579 - 590 - (9 - 1)) + 92?
73
-2 + -6 + (-1 - 3) + -38 + 97 + -44
3
Calculate (57 - 51) + 3 + -1 + 0 + 2 + 0.
10
What is (4 - (33 + -33)) + -13?
-9
Calculate (-83 - -54 - -6) + (-5 - (-4 + 2)).
-26
Calculate -59 + (42 - 73) - -228.
138
What is the value of (-78 - 0) + (-1835 - -1889)?
-24
(-2 - -50) + (-1295 - -1235)
-12
Evaluate -29 - (45 + -53 + 39).
-60
What is the value of (-701 - -704) + (4 - -4)?
11
0 + -42 - (6090 + -6114)
-18
What is 5 - (98 - 38) - (2 + 1 + -16)?
-42
Calculate -16 + -2 + -1 + -2 + (455 - 422).
12
Calculate 0 + -1 + -2 + -2 + (15 - 2).
8
What is 1 - -3 - (29 + -33 - 12)?
20
2 + -2 + (4 - 1) + 8 - (86 - 96)
21
Evaluate (2 - (1 + 77)) + (-99 - -149 - 66).
-92
38 + 10 + 35 + -126 + -1 + -18
-62
What is the value of 71 + -77 + (-15 - -1) - -21?
1
-82 + (82 - -68) - -3
71
What is 36 - (14 - 7) - -6 - 12?
23
What is the value of 19050 - 19059 - (1 + (-18 - 1))?
9
-8 + -16 + -36 + 63 + (32 - (1 + 2))
32
What is -3 + -1 - (-185 - -47 - -206)?
-72
What is (-6 - -6 - 35) + 82?
47
(-1860 - -1823) + (67 - 1)
29
15 + -4 + 1 + -13 + -4 + -90
-95
Calculate -5 - (-3 + 7 + -4) - -46 - 9.
32
What is the value of (-2 - -1) + -6 + 34 + -33 - (2 + 23)?
-31
What is the value of 99 - (33 - 32 - (-2 + -10 - -3))?
89
Calculate 3645 + -3576 + 0 + -3.
66
What is the value of -36 + 92 + 2 + -60 - (135 - 2)?
-135
What is the value of 19 - (-8 + 16 + -9) - 65?
-45
Evaluate -127 + 122 + -12 + 51.
34
What is 14 + (-37 - (7 + -22 - -11)) - -81?
62
Evaluate 24 + -9 + (-34 - 15).
-34
What is the value of (-4 + -9 - ((8 - 1) + (-477 - -460))) + 10?
7
What is 79 + (-28 - (21 - 46)) + (-1 + -11 - 0)?
64
Evaluate -99 + -21 + (-3 - -10 - -47 - 21).
-87
10 - (4 - 23 - -30 - -28)
-29
-4 - ((-1 - (-3 + -2)) + -9 + -1 + -3)
5
What is the value of -122 - (-153 + 168 + (-2 - -15) - 18)?
-132
What is 51 + -2 + (-422 - -402)?
29
What is 81 + (-31 - (-20 - -51))?
19
Calculate -314 - -309 - (-8 - -21).
-18
What is 55 - (-14 + 46) - (14 + -2 - 0)?
11
Evaluate 1 + (1 - (22 + -9)) + 30.
19
What is -129 + -6 + -4 + 10 - (41 - 8 - 20)?
-142
What is the value of -203 - (-10 + -37 + -54)?
-102
Calculate (25 - (3 - (3 - -3)) - 4) + 2055 + -2058.
21
What is the value of 123 + (2 - (-14 + (-2 - -3)) - 38)?
100
Calculate 26 - -2 - (-3732 - -3753).
7
What is the value of 40 + (-3 + -12 - -2 - (50 + -76))?
53
What is (-357 - -377 - (3 - 6)) + 23?
46
Evaluate 6 + 2 + 9 + -45 + -16 + 3 + 2.
-39
What is the value of -1 - -43 - (-3002 + 3133)?
-89
-13 + ((26 - -2) + 1 + -3 - (22 + -35))
26
Calculate -27 + 35 + -12 - -4.
0
Calculate -181 + 86 + -34 - -191.
62
16 - (23 - (21 + -18 - 4)) - -24
16
Calculate -2 + 3 + -82 + 609 + -606.
-78
Calculate 6 + 66 + -115 - -92.
49
Evaluate 14 + -26 + 6 + 13 + (-19 + -2 - -1).
-13
What is -4 - (10 + 15 - (42 + 5))?
18
What is 36 + -2 + 1 + 0 - (-34 + 62 + -37)?
44
-52 - (-11 - (9 + 32))
0
What is 1 + 6 + (-4 - -6) + (-49 - -58)?
18
Calculate -189 - (-67 - -39 - 74).
-87
What is the value of 15 - (345 + -346 - (-2 + -89))?
-75
Calculate -17 + -10 - (-30 + 24 + 14 + (0 - 17)).
-18
What is the value of -37 + -34 + 55 - (-63 + -2)?
49
What is the value of -7 + (5 - (11 - 20)) + -1 + -7 + -22?
-23
What is (0 - (20 - 11)) + (25 - 22)?
-6
Calculate 47 - (46 + 78) - 6.
-83
Evaluate -3 + -16 - (2 + (-13 + 10 - 8)).
-10
Calculate (-7 - 44) + 57 - -39.
45
Calculate -152 + 123 - (10 + -44).
5
What is (-26 + 1 - (582 - 561)) + 24?
-22
Evaluate -52 + (14 + 30 - -7) + -64 + 0.
-65
What is the value of 37 + -11 + 56 + -65 + -2 + 11?
26
Calculate -23 - (1 + 7 - (-29 - -34)).
-26
12 + -73 + 53 - -17
9
What is the value of (-67 + 7 + -2 - 9) + 18?
-53
Calculate 36 + -6 + (-9 - (37 + -21)).
5
What is -14 + 16 + (12 - 11) + 2?
5
What is ((7 + 1 - 16) + -7 - 49) + -11?
-75
What is the value of -18 - (1 - 4 - 9 - 48)?
42
Evaluate -92 - -46 - -55 - -29.
38
Evaluate -13 + (10 - -4 - 25) + 12 - -58.
46
Calculate (44 - -3) + (3 + 33 - (516 + -481)).
48
Calculate 77 + 40 + (60 - 59).
118
-123 + (136 - 25 - -10)
-2
What is the value of -21 + 12 + (-22 - 53)?
-84
What is the value of 46 + -105 - (101 - 103)?
-57
What is -1 + 13 + 0 + -13 + 1 - -22?
22
Calculate (0 - 5 - -7) + 41.
43
-1529 + 1561 + (-1 - 86)
-55
What is the value of (9 - -2) + -713 + 742?
40
Calculate -54 + -38 + (40 - -17) + 0.
-35
What is (3 - (-15 - -44) - 2) + 3?
-25
-36 + (2 + -7 - (11 - 29 - -3))
-26
Calculate -34 + (109 - 71) - -10.
14
-4 + (-7 + 7 + -15 - -5 - -31)
17
Evaluate 38 + -3 + (-32 - -42 - -3).
48
Calculate 7 - (-5 - (-2 - (2 + -1))) - (-32 + 44).
-3
(4 - (-53 - -54)) + (1 - -1) + -5
0
-68 - (27 + 1 + (-119 - -77))
-54
What is the value of -54 + 53 + 75 + -13?
61
What is (19 - (0 - 0) - (269 - 254)) + 14?
18
What is (-15 - -4) + 21 - (16 - -4)?
-10
Calculate -4 + -10 + 1 + -240 + 251 - -19.
17
Calculate 31 - 1 - (-944 + 925) - (0 + 0).
49
What is 36 - (-106 - -14 - -48)?
80
Calculate -7 - (21 - -2 - (209 - 168)).
11
Evaluate -3 + -18 + (-24 - (-19 - -13)).
-39
What is (544 + -304 - 249) + (-1 + 12 - 0)?
2
What is (25 - 98) + 0 + (6 - 6 - -9)?
-64
What is the value of -1 + 28 - (-37 + -147 + 143)?
68
5 + -13 + 24 - (40 - 1)
-23
What is (-6 - 1) + -306 + 305?
-8
Evaluate (82 - 33) + (9 - -13) - (-6 - -10).
67
41 + -28 - 12 - -1 - -20
22
Calculate 21 + (7 - (-24 - -48)) - (37 + 1).
-34
Evaluate (26 - (-7 + -101)) + -249.
-115
What is 21 + (23 - (52 - 122))?
114
Calculate (-5 - (-6 - (10 - 5))) + -4 + -2.
0
(5 + (0 - 2) - -10) + -9 + -34
-30
Calculate 3 + 1 + -15 - (1 - (6 + 2 - -5)).
1
Evaluate (-2 - 2) + 5 + -1 + (-1 - -6 - 2).
3
What is 125 - (-28 - ((9 - (5 + 18)) + -2))?
137
Eva